 when 38894 is divided by 167?
150
Calculate the remainder when 49624 is divided by 25.
24
What is the remainder when 6158 is divided by 101?
98
Calculate the remainder when 61128 is divided by 5.
3
What is the remainder when 564868 is divided by 96?
4
What is the remainder when 1776 is divided by 700?
376
Calculate the remainder when 2495 is divided by 2311.
184
Calculate the remainder when 167829 is divided by 888.
885
Calculate the remainder when 3291 is divided by 122.
119
Calculate the remainder when 5826 is divided by 15.
6
What is the remainder when 3035 is divided by 255?
230
Calculate the remainder when 3416 is divided by 227.
11
Calculate the remainder when 1001 is divided by 611.
390
What is the remainder when 496280 is divided by 152?
0
Calculate the remainder when 6439 is divided by 2098.
145
What is the remainder when 4624 is divided by 578?
0
What is the remainder when 7539 is divided by 7539?
0
Calculate the remainder when 35043 is divided by 37.
4
Calculate the remainder when 2510 is divided by 30.
20
What is the remainder when 17093 is divided by 8?
5
What is the remainder when 12236 is divided by 139?
4
What is the remainder when 7851 is divided by 22?
19
Calculate the remainder when 294658 is divided by 44.
34
Calculate the remainder when 14987 is divided by 70.
7
What is the remainder when 23235 is divided by 1058?
1017
What is the remainder when 14022 is divided by 286?
8
Calculate the remainder when 29551 is divided by 7370.
71
What is the remainder when 75645 is divided by 24?
21
What is the remainder when 223577 is divided by 9?
8
What is the remainder when 90087 is divided by 22?
19
Calculate the remainder when 7219 is divided by 1442.
9
What is the remainder when 406777 is divided by 203376?
25
What is the remainder when 2198 is divided by 277?
259
What is the remainder when 19561 is divided by 662?
363
What is the remainder when 4444 is divided by 89?
83
What is the remainder when 748 is divided by 184?
12
Calculate the remainder when 79020 is divided by 1317.
0
Calculate the remainder when 333823 is divided by 27818.
7
Calculate the remainder when 104 is divided by 87.
17
What is the remainder when 483735 is divided by 227?
225
Calculate the remainder when 1179 is divided by 123.
72
What is the remainder when 395592 is divided by 197792?
8
Calculate the remainder when 92551 is divided by 20.
11
What is the remainder when 84937 is divided by 84936?
1
Calculate the remainder when 6359 is divided by 53.
52
What is the remainder when 3827 is divided by 13?
5
Calculate the remainder when 19649 is divided by 25.
24
What is the remainder when 151 is divided by 25?
1
What is the remainder when 10359 is divided by 1479?
6
Calculate the remainder when 4295 is divided by 1056.
71
What is the remainder when 204606 is divided by 204588?
18
Calculate the remainder when 211622 is divided by 23.
22
What is the remainder when 3462755 is divided by 22?
21
What is the remainder when 41194 is divided by 55?
54
What is the remainder when 26830 is divided by 13?
11
Calculate the remainder when 13684 is divided by 4.
0
What is the remainder when 1887299 is divided by 23?
11
What is the remainder when 26942 is divided by 131?
87
What is the remainder when 16424 is divided by 911?
26
What is the remainder when 1148 is divided by 519?
110
What is the remainder when 11197 is divided by 5583?
31
Calculate the remainder when 1046 is divided by 924.
122
What is the remainder when 19888 is divided by 51?
49
What is the remainder when 883870 is divided by 797?
794
What is the remainder when 209 is divided by 25?
9
What is the remainder when 91 is divided by 11?
3
What is the remainder when 23902 is divided by 1596?
1558
Calculate the remainder when 21495 is divided by 244.
23
Calculate the remainder when 492 is divided by 18.
6
Calculate the remainder when 60279 is divided by 6697.
6
What is the remainder when 1329 is divided by 384?
177
Calculate the remainder when 120570 is divided by 113.
112
What is the remainder when 45520 is divided by 11376?
16
Calculate the remainder when 510742 is divided by 6.
4
Calculate the remainder when 25281 is divided by 25102.
179
What is the remainder when 3177 is divided by 1054?
15
What is the remainder when 2709145 is divided by 983?
980
Calculate the remainder when 3210 is divided by 34.
14
Calculate the remainder when 1013 is divided by 285.
158
Calculate the remainder when 113327 is divided by 16.
15
Calculate the remainder when 14054 is divided by 20.
14
Calculate the remainder when 501814 is divided by 56.
54
What is the remainder when 24205 is divided by 12044?
117
Calculate the remainder when 1374 is divided by 923.
451
Calculate the remainder when 6657 is divided by 475.
7
Calculate the remainder when 36540 is divided by 378.
252
Calculate the remainder when 8293 is divided by 2073.
1
What is the remainder when 456907 is divided by 1245?
1237
Calculate the remainder when 106 is divided by 103.
3
What is the remainder when 5081 is divided by 695?
216
What is the remainder when 230436 is divided by 40?
36
What is the remainder when 121525 is divided by 15?
10
What is the remainder when 2586 is divided by 718?
432
Calculate the remainder when 69823 is divided by 390.
13
What is the remainder when 1763 is divided by 63?
62
What is the remainder when 8346 is divided by 692?
42
Calculate the remainder when 16749 is divided by 69.
51
Calculate the remainder when 6063 is divided by 1514.
7
Calculate the remainder when 34828 is divided by 17.
12
What is the remainder when 6776 is divided by 227?
193
What is the remainder when 10400 is divided by 945?
5
What is the remainder when 49840 is divided by 956?
128
What is the remainder when 8119 is divided by 7931?
188
Calculate the remainder when 240974 is divided by 13.
6
Calculate the remainder when 15671 is divided by 979.
7
What is the remainder when 38930 is divided by 288?
50
Calculate the remainder when 3014 is divided by 729.
98
What is the remainder when 27092 is divided by 2084?
0
Calculate the remainder when 282935 is divided by 12.
11
Calculate the remainder when 305 is divided by 106.
93
Calculate the remainder when 22757 is divided by 1035.
1022
Calculate the remainder when 3931 is divided by 771.
76
What is the remainder when 44557 is divided by 707?
16
What is the remainder when 14039 is divided by 135?
134
Calculate the remainder when 783633 is divided by 156725.
8
What is the remainder when 19077 is divided by 19069?
8
Calculate the remainder when 36150 is divided by 9036.
6
Calculate the remainder when 72224 is divided by 25.
24
Calculate the remainder when 16691 is divided by 557.
538
What is the remainder when 359 is divided by 314?
45
What is the remainder when 1635 is divided by 22?
7
What is the remainder when 853084 is divided by 78?
76
Calculate the remainder when 8385 is divided by 35.
20
What is the remainder when 62615 is divided by 12523?
0
What is the remainder when 18278 is divided by 1522?
14
Calculate the remainder when 14391 is divided by 3595.
11
What is the remainder when 102430 is divided by 122?
72
Calculate the remainder when 56980 is divided by 274.
262
What is the remainder when 157246 is divided by 108?
106
What is the remainder when 406 is divided by 310?
96
What is the remainder when 931 is divided by 159?
136
Calculate the remainder when 101610 is divided by 1155.
1125
What is the remainder when 37063 is divided by 247?
13
What is the remainder when 4573137 is divided by 286?
283
What is the remainder when 536015 is divided by 407?
403
Calculate the remainder when 7109 is divided by 193.
161
Calculate the remainder when 343 is divided by 21.
7
What is the remainder when 4255 is divided by 1101?
952
What is the remainder when 722425 is divided by 3?
1
Calculate the remainder when 1937 is divided by 207.
74
What is the remainder when 93625 is divided by 93621?
4
What is the remainder when 4809 is divided by 32?
9
What is the remainder when 1228 is divided by 434?
360
Calculate the remainder when 51242 is divided by 117.
113
Calculate the remainder when 24170 is divided by 24136.
34
What is the remainder when 399824 is divided by 81?
8
What is the remainder when 45874 is divided by 39?
10
Calculate the remainder when 1